alse
Is 31820471 a composite number?
False
Is 65842279 a composite number?
False
Is 3465431 prime?
False
Is 216352991 a prime number?
False
Is 49444153 composite?
True
Is 1553040227 composite?
False
Is 78769541 composite?
False
Is 1232069 a composite number?
False
Is 4578377 prime?
True
Is 10892989 a prime number?
False
Is 8651761 a composite number?
True
Is 787196309 composite?
False
Is 1977359 composite?
False
Is 2735861 composite?
True
Is 4720757 prime?
False
Is 6799313 composite?
False
Is 387336269 composite?
True
Is 9522035 a composite number?
True
Is 29234591 a composite number?
False
Is 256687 a composite number?
False
Is 205561267 a prime number?
False
Is 10458187 prime?
False
Is 44468221 prime?
False
Is 164969 prime?
False
Is 659620447 composite?
False
Is 110864141 composite?
False
Is 8357599 prime?
True
Is 45992173 composite?
True
Is 9299747 a prime number?
True
Is 43898269 a prime number?
True
Is 13588369 prime?
True
Is 23946721 prime?
False
Is 47249879 composite?
False
Is 28907899 prime?
False
Is 102749979 prime?
False
Is 321060389 a prime number?
False
Is 1636829 composite?
True
Is 1575517 prime?
True
Is 4510045 prime?
False
Is 353721643 a prime number?
False
Is 15836307 prime?
False
Is 230445938 composite?
True
Is 15305401 prime?
False
Is 21401047 composite?
False
Is 30571693 prime?
True
Is 2037657 composite?
True
Is 53633621 prime?
True
Is 1108685 prime?
False
Is 524591 prime?
True
Is 3446437 a composite number?
False
Is 1883689 a composite number?
False
Is 293670794 prime?
False
Is 1039717 a composite number?
True
Is 547903 prime?
False
Is 197453 prime?
True
Is 3996413 composite?
False
Is 5354429 prime?
True
Is 11976959 a prime number?
False
Is 11638409 a prime number?
True
Is 43738733 prime?
True
Is 198853 prime?
False
Is 292863011 composite?
True
Is 702607 a prime number?
True
Is 481911 composite?
True
Is 572549 composite?
False
Is 287861897 a composite number?
True
Is 19518742 a prime number?
False
Is 263669209 prime?
True
Is 905712697 prime?
True
Is 361488003 prime?
False
Is 51958189 composite?
False
Is 20358827 a composite number?
False
Is 50159035 composite?
True
Is 38668621 prime?
False
Is 2350609 prime?
True
Is 1610291 a prime number?
False
Is 220184491 a prime number?
True
Is 65162765 a composite number?
True
Is 8690567 a prime number?
True
Is 13479901 composite?
True
Is 67037 a prime number?
False
Is 20633911 a prime number?
True
Is 5092069 a prime number?
True
Is 196019 composite?
True
Is 2563441 composite?
False
Is 4555489 prime?
True
Is 1387470163 a composite number?
False
Is 324067637 composite?
False
Is 1233751 composite?
False
Is 39421127 a prime number?
True
Is 21187087 a composite number?
True
Is 4277671 prime?
True
Is 24697897 a composite number?
True
Is 1312733 prime?
True
Is 21687353 a composite number?
True
Is 87727586 a composite number?
True
Is 53005903 a composite number?
False
Is 97913021 prime?
False
Is 866482 prime?
False
Is 3638947 prime?
False
Is 334882 a composite number?
True
Is 1368559 composite?
True
Is 554510185 prime?
False
Is 1641043 prime?
True
Is 4390279 composite?
False
Is 12991211 prime?
False
Is 597072187 prime?
False
Is 5489629 a prime number?
True
Is 4882847 composite?
False
Is 1783289 composite?
True
Is 75053 prime?
False
Is 44633863 composite?
True
Is 33436343 a composite number?
False
Is 12686053 a prime number?
False
Is 4051781 a prime number?
True
Is 87251009 composite?
False
Is 10348333 prime?
True
Is 18394093 composite?
False
Is 55788209 a composite number?
True
Is 776710279 prime?
False
Is 4992287 composite?
False
Is 370661 a composite number?
False
Is 484839665 composite?
True
Is 7054961 a composite number?
False
Is 141749087 composite?
False
Is 27588503 a prime number?
False
Is 5327161 prime?
False
Is 290317 prime?
True
Is 44313437 composite?
True
Is 19061221 a prime number?
False
Is 122261273 a prime number?
True
Is 18898315 prime?
False
Is 1569720561 a prime number?
False
Is 12456183 a composite number?
True
Is 1098667 composite?
False
Is 47185997 a composite number?
False
Is 504983 a composite number?
False
Is 2242797 prime?
False
Is 801457 prime?
False
Is 210736031 a prime number?
False
Is 26899 a composite number?
True
Is 1486297 a composite number?
False
Is 350893 a prime number?
False
Is 2261123 a prime number?
False
Is 7484197 a composite number?
True
Is 15485153 a prime number?
False
Is 96641383 prime?
False
Is 22586371 a composite number?
True
Is 5188385 composite?
True
Is 471073751 prime?
False
Is 648001 composite?
True
Is 16817701 a prime number?
True
Is 237263387 composite?
False
Is 1356578 a composite number?
True
Is 5147213 composite?
False
Is 36379351 composite?
False
Is 277236539 a composite number?
False
Is 12501367 a prime number?
False
Is 30198197 a composite number?
True
Is 9179409 composite?
True
Is 1841167 composite?
True
Is 2963809 a prime number?
True
Is 664172857 composite?
True
Is 280960837 a composite number?
False
Is 547403 prime?
False
Is 38815277 a prime number?
False
Is 4371385 prime?
False
Is 111186697 a composite number?
False
Is 7201627 a composite number?
True
Is 3697207 prime?
True
Is 20882101 composite?
True
Is 209866121 prime?
False
Is 1348889 a composite number?
False
Is 224069 a composite number?
False
Is 10482767 a prime number?
True
Is 1723267697 composite?
False
Is 18709387 prime?
True
Is 116946569 a composite number?
False
Is 75055922 a prime number?
False
Is 1941661 composite?
True
Is 793591 composite?
False
Is 501341 prime?
True
Is 2222477 a composite number?
False
Is 178875143 prime?
False
Is 15770927 a composite number?
True
Is 10035499 prime?
True
Is 77388109 prime?
False
Is 8853641 a composite number?
False
Is 68293565 a composite number?
True
Is 28976127 prime?
False
Is 3088409 prime?
False
Is 186740633 composite?
False
Is 1598521 prime?
True
Is 91981573 composite?
True
Is 2766511 prime?
False
Is 779761 a prime number?
True
Is 4491129 composite?
True
Is 2564369 prime?
True
Is 6686009 composite?
True
Is 228448543 prime?
True
Is 63162685 composite?
True
Is 3374017 a prime number?
True
Is 1811011 a prime number?
False
Is 17949871 prime?
True
Is 18342367 a prime number?
True
Is 6069419 a prime number?
True
Is 3208111 composite?
True
Is 2085571 prime?
False
Is 139334857 composite?
False
Is 6480703 a prime number?
False
Is 399437281 composite?
False
Is 8810591 composite?
False
Is 215414131 prime?
True
Is 8936209 prime?
True
Is 10174583 composite?
False
Is 2106149 a composite number?
False
Is 241264409 a prime number?
True
Is 5364553 composite?
False
Is 948305 composite?
True
Is 4079307 a composite number?
True
Is 6353229 a composite number?
True
Is 782185 a composite number?
True
Is 24363967 a composite number?
False
Is 2057275001 prime?
True
Is 9702093 composite?
True
Is 14502851 a prime number?
False
Is 8625451 a prime number?
True
Is 206209693 a composite number?
True
Is 100930057 a composite number?
False
Is 751609 prime?
True
Is 144328931 prime?
True
Is 11073071 prime?
True
Is 62664839 prime?
False
Is 37107041 composite?
True
Is 958289 prime?
True
Is 366328877 composite?
True
Is 62325151 a prime number?
False
Is 39054121 composite?
True
Is 25741511 prime?
True
Is 410536507 a prime number?
True
Is 1469866 composite?
True
Is 11137691 a prime number?
False
Is 96527371 composite?
False
Is 51385483 composite?
False
Is 34765997 a prime number?
False
Is 130793749 a composite number?
False
Is 1022377 a composite number?
False
Is 28463791 prime?
False
Is 93994483 a composite number?
True
Is 2100031 a prime number?
True
Is 2617157 a prime number?
False
Is 326588215 prime?
False
Is 4022801 composite?
True
Is 551269 a composite number?
False
Is 1739819 prime?
False
Is 36857329 prime?
True
Is 14187733 prime?
False
Is 45155017 prime?
True
Is 990989 a prime number?
True
Is 11197201 prime?
False
Is 17366819 a composite number?
False
Is 14979529 a composite number?
True
Is 4729867 a composite number?
False
Is 2145239 a prime number?
True
Is 9736367 composite?
True
Is 49603921 composite?
False
Is 16086341 composite?
True
Is 251863 a prime number?
False
Is 90977407 a composite number?
False
Is 54918033 composite?
True
Is 30735239 composite?
True
Is 11111203 a composite number?
True
Is 9106151 composite?
False
Is 1227056501 prime?
False
Is